 8?
5
What is -11 (base 3) in base 12?
-4
-2120 (base 4) to base 12
-108
What is -53 (base 6) in base 3?
-1020
-12 (base 10) to base 6
-20
-5 (base 16) to base 4
-11
Convert -19 (base 15) to base 6.
-40
64 (base 16) to base 15
6a
Convert 4 (base 5) to base 10.
4
What is 129 (base 10) in base 14?
93
Convert -7d (base 16) to base 5.
-1000
-1 (base 6) to base 5
-1
-1 (base 14) to base 4
-1
Convert -10 (base 2) to base 14.
-2
-1a (base 12) to base 13
-19
Convert 11 (base 12) to base 16.
d
What is -120 (base 6) in base 16?
-30
1 (base 3) to base 16
1
What is 13 (base 5) in base 7?
11
Convert 20201 (base 3) to base 16.
b5
Convert -133 (base 5) to base 9.
-47
What is 313 (base 5) in base 15?
58
6a (base 15) to base 6
244
What is 12 (base 3) in base 2?
101
-22 (base 3) to base 11
-8
What is -4 (base 13) in base 7?
-4
Convert -9 (base 16) to base 2.
-1001
What is -2 (base 13) in base 14?
-2
-1 (base 6) to base 12
-1
Convert -9 (base 10) to base 15.
-9
Convert -11 (base 5) to base 15.
-6
Convert 142 (base 10) to base 5.
1032
Convert 103 (base 6) to base 16.
27
-10 (base 4) to base 14
-4
-4 (base 7) to base 12
-4
Convert 101 (base 2) to base 6.
5
0 (base 8) to base 13
0
What is -100 (base 5) in base 8?
-31
-9 (base 12) to base 16
-9
-250 (base 8) to base 6
-440
What is -55 (base 16) in base 12?
-71
-2 (base 4) to base 6
-2
What is 11a (base 11) in base 4?
2032
Convert -10 (base 3) to base 15.
-3
Convert -1b (base 13) to base 6.
-40
-52 (base 14) to base 12
-60
Convert -6 (base 8) to base 10.
-6
-ef (base 16) to base 10
-239
Convert -361 (base 7) to base 9.
-231
Convert -13 (base 16) to base 7.
-25
21 (base 16) to base 3
1020
121 (base 5) to base 4
210
What is 7 (base 12) in base 9?
7
Convert -57 (base 9) to base 6.
-124
Convert 3 (base 12) to base 5.
3
Convert 113 (base 4) to base 14.
19
Convert -15 (base 8) to base 10.
-13
-2 (base 11) to base 12
-2
Convert 14 (base 5) to base 12.
9
What is 303 (base 4) in base 16?
33
What is 7 (base 9) in base 15?
7
3 (base 5) to base 6
3
Convert -3 (base 12) to base 6.
-3
-11c (base 15) to base 5
-2002
Convert -1 (base 15) to base 9.
-1
Convert 1352 (base 6) to base 3.
111012
Convert -3 (base 5) to base 16.
-3
What is -321 (base 6) in base 15?
-81
Convert 0 (base 14) to base 13.
0
What is 14 (base 11) in base 15?
10
1 (base 6) to base 3
1
Convert -3 (base 4) to base 3.
-10
10 (base 11) to base 10
11
-120 (base 4) to base 6
-40
2143 (base 5) to base 2
100101010
Convert -3 (base 9) to base 3.
-10
Convert 1100 (base 2) to base 8.
14
What is 238 (base 9) in base 2?
11000101
What is 116 (base 7) in base 9?
68
Convert 11a (base 11) to base 4.
2032
What is -20011 (base 3) in base 10?
-166
-74 (base 12) to base 14
-64
What is 2230 (base 4) in base 10?
172
-212 (base 3) to base 2
-10111
What is -a (base 14) in base 4?
-22
-1 (base 16) to base 6
-1
-e6 (base 15) to base 12
-160
-4 (base 13) to base 8
-4
3 (base 16) to base 10
3
What is -10 (base 4) in base 14?
-4
Convert -251 (base 8) to base 16.
-a9
Convert 0 (base 15) to base 7.
0
-1 (base 2) to base 5
-1
Convert -203 (base 6) to base 5.
-300
What is -2 (base 8) in base 3?
-2
Convert 12 (base 5) to base 16.
7
255 (base 6) to base 5
412
Convert -e (base 15) to base 13.
-11
What is 1 (base 12) in base 8?
1
What is -12222 (base 3) in base 12?
-115
1 (base 12) to base 3
1
Convert -21 (base 3) to base 9.
-7
Convert 4 (base 12) to base 7.
4
What is 4 (base 12) in base 9?
4
-7 (base 13) to base 6
-11
What is 3 (base 6) in base 3?
10
Convert -13 (base 4) to base 3.
-21
7 (base 13) to base 6
11
What is -d0 (base 15) in base 3?
-21020
Convert 123 (base 4) to base 13.
21
Convert -10011 (base 3) to base 13.
-67
-102 (base 7) to base 3
-1220
0 (base 2) to base 4
0
Convert -1311 (base 6) to base 14.
-199
-c (base 15) to base 13
-c
Convert 121 (base 3) to base 8.
20
What is -3 (base 15) in base 13?
-3
What is -645 (base 7) in base 11?
-278
Convert 354 (base 6) to base 11.
11a
What is 104 (base 6) in base 13?
31
Convert 2002 (base 3) to base 2.
111000
Convert 2 (base 5) to base 2.
10
-7 (base 15) to base 8
-7
Convert 14 (base 6) to base 4.
22
Convert -122 (base 9) to base 16.
-65
What is 1 (base 6) in base 13?
1
What is -3 (base 13) in base 5?
-3
Convert 21 (base 10) to base 3.
210
33 (base 6) to base 11
1a
12 (base 3) to base 16
5
Convert -67 (base 15) to base 7.
-166
What is 143 (base 5) in base 9?
53
What is 0 (base 10) in base 12?
0
Convert 7a (base 16) to base 8.
172
Convert 25 (base 11) to base 16.
1b
What is -17 (base 13) in base 4?
-110
What is 1001110 (base 2) in base 11?
71
What is -11 (base 9) in base 8?
-12
Convert -7 (base 13) to base 6.
-11
What is 125 (base 14) in base 7?
445
Convert 49 (base 12) to base 8.
71
-322 (base 5) to base 8
-127
-53 (base 12) to base 6
-143
-242 (base 9) to base 15
-d5
Convert -2 (base 10) to base 14.
-2
Convert 13 (base 5) to base 2.
1000
-7b (base 12) to base 6
-235
2131 (base 4) to base 7
313
What is -203 (base 8) in base 5?
-1011
What is -3102 (base 4) in base 5?
-1320
What is -10 (base 7) in base 2?
-111
Convert -106 (base 7) to base 4.
-313
83 (base 12) to base 4
1203
What is 123 (base 5) in base 7?
53
-12 (base 13) to base 7
-21
Convert 1 (base 3) to base 10.
1
What is 10102 (base 3) in base 6?
232
What is 1104 (base 5) in base 16?
9a
5 (base 16) to base 14
5
Convert 23 (base 8) to base 15.
14
Convert 23 (base 10) to base 9.
25
What is -1011 (base 3) in base 11?
-29
What is -31 (base 8) in base 6?
-41
What is -101000 (base 2) in base 11?
-37
Convert 104 (base 5) to base 9.
32
What is -6 (base 15) in base 14?
-6
3 (base 9) to base 5
3
Convert -1020 (base 5) to base 12.
-b3
What is -1001 (base 3) in base 4?
-130
113 (base 4) to base 14
19
What is 3c (base 13) in base 5?
201
40 (base 10) to base 8
50
What is 31 (base 15) in base 7?
64
What is 2 (base 10) in base 13?
2
Convert -1e (base 16) to base 7.
-42
What is 3 (base 4) in base 11?
3
Convert -3 (base 4) to base 16.
-3
Convert 8 (base 13) to base 3.
22
What is 6 (base 12) in base 7?
6
What is 14 (base 6) in base 10?
10
-1 (base 9) to base 15
-1
Convert -1001000 (base 2) to base 14.
-52
-155 (base 8) to base 15
-74
-1 (base 6) to base 9
-1
-424 (base 5) to base 8
-162
100000 (base 2) to base 9
35
What is 102 (base 6) in base 7?
53
101 (base 2) to base 13
5
Convert -6 (base 13) to base 6.
-10
-5 (base 14) to base 2
-101
0 (base 15) to base 14
0
-15 (base 13) to base 15
-13
2 (base 13) to base 8
2
What is -3 (base 10) in base 9?
-3
Convert 1 (base 12) to base 13.
1
-14 (base 9) to base 8
-15
What is 21 (base 3) in base 12?
7
20 (base 3) to base 10
6
Convert -122 (base 4) to base 11.
-24
Convert 2 (base 16) to base 2.
10
What is -23 (base 16) in base 9?
-38
What is 28 (base 15) in base 10?
38
-32 (base 7) to base 9
-25
What is -28 (base 10) in base 16?
-1c
Convert 323 (base 4) to base 3.
2012
-29 (base 13) to base 4
-203
What is -1133 (base 6) in base 12?
-1a9
What is -45 (base 15) in base 16?
-41
Convert -1 (base 12) to base 11.
-1
What is 74 (base 9) in base 6?
151
What is 1a (base 15) in base 5?
100
What is 81 (base 15) in base 16?
79
-1011010 (base 2) to base 11
-82
-75 (base 9) to base 12
-58
What is -188 (base 9) in base 8?
-241
Convert 1010 (base 3) to base 9.
33
What is 1 (base 6) in base 5?
1
-103 (base 4) to base 14
-15
What is c (base 14) in base 13?
c
Convert -102 (base 15) to base 9.
-272
-2 (base 12) to base 11
-2
What is -30 (base 5) in base 12?
-13
-9 (base 16) to base 4
-21
What is 132 (base 8) in base 10?
90
Convert -2 (base 14) to base 6.
-2
What is b (base 13) in base 14?
b
-2 (base 4) to base 8
-2
What is -17 (base 15) in base 5?
-42
What is 333 (base 5) in base 13?
72
What is -1201 (base 3) in base 14?
-34
2013 (base 4) to base 7
252
Convert 3 (base 15) to base 9.
3
What is -103 (base 4) in base 15?
-14
-2a6 (base 11) to base 14
-1b8
Convert 4 (base 5) to base 11.
4
0 (base 4) to base 12
0
Convert 1c (base 14) to base 12.
22
What is 0 (base 14) in base 13?
0
Convert 12 (base 8) to base 3.
101
Convert -102 (base 5) to base 8.
-33
What is -2 (base 15) in base 7?
-2
What is -2a (base 16) in base 5?
-132
What is -107 (base 10) in base 3?
-10222
What is -50 (base 13) in base 7?
-122
What is -11 (base 13) in base 10?
-14
-110 (base 6) to base 7
-60
3 (base 7) to base 6
3
-31 (b